culate the remainder when m is divided by 23.
6
Let i = -217 + 255. Calculate the remainder when i is divided by 10.
8
Suppose -19*b = -4*b - 2775. Calculate the remainder when b is divided by 31.
30
Let y(j) = -j**3 + 29*j**2 + 5*j - 72. Calculate the remainder when y(29) is divided by 15.
13
Let g(z) = 9*z - 6. What is the remainder when (2/(-6))/((-4)/696) is divided by g(2)?
10
Let h(a) = a**3 + 2*a**2 - 3*a + 4. Let w be h(-4). Let s = -12 - w. Calculate the remainder when 10 is divided by s.
2
Let i = 169 - 167. Suppose 5*g - g = i*m - 276, -5*m = -2*g - 698. Calculate the remainder when m is divided by 36.
32
Let i(k) = -4*k. Let j be i(0). Let o(q) = q**3 + 7*q**2 + 5*q - 5. Calculate the remainder when o(-5) is divided by (-1 + j)*(15 + -22).
6
Let i be (0 + 10/5)*-22. Let u = i + 47. Suppose 2*h = -0*h + 10. What is the remainder when h is divided by u?
2
Let c = -893 + 1451. Suppose 0 = 4*v + 5*v - c. Calculate the remainder when v is divided by 13.
10
Let p(i) = i**3 + i + 5. Let o be p(0). Suppose -5*h - o + 30 = 0. Suppose -2*j = -h*j + 99. What is the remainder when j is divided by 9?
6
Suppose 0 = 6*t - 29 + 11. Suppose -3*l - 4*i + 188 = 0, -2*l + t*l - 64 = -2*i. What is the remainder when l is divided by 23?
14
Let f = -778 - -805. What is the remainder when 95 is divided by f?
14
Suppose -5*x - 21 = 2*o, -3*o = -3*x - x - 3. Suppose -15 = 2*l + l, -4*u = 2*l - 38. Calculate the remainder when (-8)/x*(-153)/(-12) is divided by u.
10
Let d = -45 + 16. Let i = d + 42. Calculate the remainder when 1855/50 + (-4)/40 is divided by i.
11
Let m be (-6)/9*282/(-4). Let z = 210 - 241. Let p = z + m. What is the remainder when 46 is divided by p?
14
Let v(q) = -87*q. Let t = 3807 - 3792. What is the remainder when v(-1) is divided by t?
12
Let i(v) = 7*v**2 + 40*v + 3. What is the remainder when 209 is divided by i(-6)?
14
Let p(f) = 2*f**2 - 3*f + 1. Let y = 2 - 22. Let l = y - -23. Calculate the remainder when l is divided by p(2).
0
Let h = -44 + 64. Let c(j) = 13*j + 6. Suppose 2*x = g + 10, -5*x + x + 14 = g. Calculate the remainder when c(x) is divided by h.
18
Let i be ((-5)/(75/48))/(10/(-25)). Let q = i + -1. Calculate the remainder when 23 is divided by q.
2
Suppose 2*y = 4*y + 5*c + 20, -5*y - 2*c = 8. Suppose y*d + d - 12 = 0. Calculate the remainder when ((-118)/4)/((-2)/4) is divided by d.
11
Let v = 28 - 24. Suppose 13 + 15 = v*i. Calculate the remainder when 25 is divided by i.
4
Let y = 1625 - 1546. What is the remainder when 83 is divided by y?
4
Let s = 61 - -55. Calculate the remainder when s is divided by 38.
2
Let n(q) = -21*q - 260. Calculate the remainder when n(-16) is divided by 14.
6
Let t = -11 - -14. Suppose 0*v - 2 = -2*v, -4*r - 4*v - 8 = 0. Let x = r + 12. Calculate the remainder when x is divided by t.
0
Let s = 1284 + -781. What is the remainder when s is divided by 24?
23
Let q(v) = -v**2 + 7*v - 2. Let g(o) = 2 - 4*o - 4 - 3 - 5. What is the remainder when g(-6) is divided by q(5)?
6
Let t(w) = 3*w**2 + 0*w**2 + 1 + 8*w - 4*w**2. Suppose 42*x + 28 = 46*x. Calculate the remainder when t(x) is divided by 5.
3
Suppose 2*i - 102 = -4*j, i + i + 42 = 2*j. Suppose -l + 5*c + 26 = l, -2 = -l - 3*c. Let t = l + j. What is the remainder when t is divided by 12?
8
Suppose d + 9 = s + 4*s, -3*s + 7 = d. Suppose -8*n + s*n + 72 = 0. What is the remainder when 32 is divided by n?
8
Suppose 3*i = 105 + 321. Let x(y) = y**2 + 6*y. Let b be x(-4). What is the remainder when i is divided by 33 + b/(40/(-15))?
34
Suppose 0 = k - 12 - 14. Let u = 84 - 70. Calculate the remainder when k is divided by u.
12
Let y be (0 - 0) + -1*15. Let t = -104 - -103. Let f = t - y. Calculate the remainder when 39 is divided by f.
11
Suppose -4*b = -4*l - 88, -8*b = -10*b - 3*l + 69. Calculate the remainder when 54 is divided by b.
0
Suppose -3 - 3 = -6*p. Suppose -2*h = -2 - 4. Suppose -2*a + p = -h. Calculate the remainder when 2 is divided by a.
0
Let a be 0 + (-1 - -1)/(-2). Let x = -21384 + 21418. Calculate the remainder when a - 2 - (-135 + 0) is divided by x.
31
Suppose -p - 2 + 0 = 0, 3*t - 5*p - 106 = 0. Calculate the remainder when t is divided by 2754/612 + 29/2.
13
Let q be (-58)/(-5) - 2/(-5). Suppose -3*m - 4 - 2 = 0, 51 = 5*y - 3*m. Calculate the remainder when y/12 + 867/q is divided by 19.
16
Suppose 11*f - 21 - 1 = 0. Suppose f*m = 2 + 12. What is the remainder when 11 is divided by m?
4
Let y(t) = t**3 - 7*t**2 + 7*t + 1. Let a be y(6). Let m = a - -11. Calculate the remainder when m is divided by (-220)/(-30) - (-2)/(-6).
4
Suppose 5*s = -2*n + 83, 72 = 4*s + n - 5*n. Let m = s + -14. Suppose 0 = 8*f - m*f - 145. What is the remainder when 84 is divided by f?
26
Suppose -6*h + h + 20 = 0, -4*h + 20 = 2*m. Suppose 0 = -56*g + 18*g + 380. Suppose 2*r - g = m. Calculate the remainder when r is divided by 2.
0
Let d(l) = l**2 + 13*l - 4. Let b be d(-13). What is the remainder when (b - -7)*92/12 is divided by 6?
5
Let z = 24 + 30. Suppose f + 2*f - z = 0. What is the remainder when 88 is divided by f?
16
Suppose 4*h + u = 23, -2*u + 28 = 5*h - 0*u. What is the remainder when 2/h + 1680/36 is divided by 12?
11
Let k = -1405 + 1472. Calculate the remainder when 138 is divided by k.
4
Let i be -3 + (-4*4 - -1). Let x = i + 24. Suppose 5*w = 2*k - 73, 2*k = -3*w + x*w + 63. Calculate the remainder when 94 is divided by k.
22
Let r = 26 + 68. Let q = 94 + r. Calculate the remainder when q is divided by 27.
26
Let m = -83 - -95. Let b = 161 - 268. Let d = 151 + b. Calculate the remainder when d is divided by m.
8
Suppose h + 7 = 39. Let w = h - 8. Calculate the remainder when 45 is divided by w.
21
Let g(x) = -52*x - 120. What is the remainder when 246 is divided by g(-4)?
70
Suppose 4*s - 2*s = 3*p - 3, 0 = 4*p - 4*s - 8. Calculate the remainder when 21 is divided by (p/4)/((-4)/176).
10
Let t = 5 - -2. Let k be (-4 + t/2)*8. Calculate the remainder when (-10)/(-7)*(3 - k) is divided by 4.
2
Let o = 11 - 6. Suppose 4*c = 2*c + 2. What is the remainder when 1 + (c - -3)*3 is divided by o?
3
Let q = 24 - 20. Let p(n) = 2*n**2 - 8*n + 10. Calculate the remainder when 17 is divided by p(q).
7
Let g(a) = -a**3 + 10*a**2 + 13. What is the remainder when g(8) is divided by 6?
3
Let s be 312/65 - 1/(-5). Suppose -s*g + 96 = -g. Calculate the remainder when 70 is divided by g.
22
Suppose 3*f + 39 = 4*f + 5*a, 2*f = 3*a + 26. Let j = -16 + f. Suppose -j*d = -0*d - 12. Calculate the remainder when 13 is divided by d.
1
Let b be (-26)/(-10) - 8/(-20). Let s = 4 - b. Let q = s + 9. Calculate the remainder when 37 is divided by q.
7
Let z = -87 + 90. Suppose -3*n = -5*k + 98, 24 = 2*k - 2*n - z*n. Calculate the remainder when k is divided by 8.
6
What is the remainder when 8 - (-116 - 8 - 2) is divided by 72?
62
Let c(z) = 74*z - 92. Let p(i) = 25*i - 31. Let d(q) = 3*c(q) - 8*p(q). Calculate the remainder when d(5) is divided by 6.
4
Let z = -212 - -255. What is the remainder when 131 is divided by z?
2
Suppose -4*a + 3*a - 3*q = -2, 2*a + 4*q = 6. Let k(b) = -2*b - 2. Let j be k(-2). Suppose -a*r = -j*r - 51. Calculate the remainder when 66 is divided by r.
15
Suppose b - 5*b = -588. Suppose b = 6*q - 3*q. Let k = -27 + q. What is the remainder when k is divided by 9?
4
Let i(y) = y**3 + 8*y**2 + 2*y + 6. Let l be i(-8). Let s(g) = g**2 + 8*g - 9. What is the remainder when (1 + -4 - (-12)/4) + 31 is divided by s(l)?
9
Suppose 0 = -i + 2*i + 5*r - 47, 111 = 3*i + 5*r. Suppose 0 = 33*q - i*q - 29. Calculate the remainder when q is divided by 2.
1
Calculate the remainder when 285 is divided by (20 - 21)/(2/(-128)).
29
Let u(k) = -k**2 + 24*k - 88. Calculate the remainder when 140 is divided by u(16).
20
Let d = 2040 - 2030. Calculate the remainder when 195 is divided by d.
5
Let n(a) = a**2 - 7*a + 7. Let s be n(6). What is the remainder when (-735)/(-25) - (-10)/(-75)*3 is divided by 16/(-6)*(-3)/s?
5
Let c be -1 - 3/(-2)*2. Suppose -f + 2*f - 1 = c*g, -2*g = f - 5. Calculate the remainder when 17 is divided by (-3 + 1)*g + 12.
7
Let s(p) = -10*p + 317. Let z = -61 - -93. What is the remainder when z is divided by s(31)?
4
Let u = -4 - -6. Suppose 12 = 4*v, -3*v = u*d - 20 - 17. What is the remainder when 52 is divided by d?
10
Sup